se 4, what is -1230 - -1?
-1223
In base 8, what is 43 - 2?
41
In base 12, what is -786 + b?
-777
In base 4, what is 33 - 1000?
-301
In base 13, what is -600 + -4?
-604
In base 2, what is -10001101001 - -101?
-10001100100
In base 13, what is 16 - -19?
32
In base 12, what is 60 - -3?
63
In base 7, what is -250 - 4?
-254
In base 6, what is 0 - 143?
-143
In base 7, what is -3250 - -2?
-3245
In base 12, what is -12 + a?
-4
In base 15, what is -4 + -277?
-27b
In base 5, what is -3324 - 2?
-3331
In base 14, what is -63 - 2c?
-91
In base 14, what is -bd + 5?
-b8
In base 5, what is -13 + 311?
243
In base 10, what is -8109 - 5?
-8114
In base 13, what is 2 - -14?
16
In base 2, what is -101 + -1011000000?
-1011000101
In base 3, what is 12 + 202110?
202122
In base 6, what is -1041 - 3?
-1044
In base 5, what is -402140 + 10?
-402130
In base 3, what is -12 - 21000?
-21012
In base 10, what is -4 - 98?
-102
In base 14, what is 100 + 37?
137
In base 2, what is 0 - -10110010111?
10110010111
In base 14, what is -5 + -17a?
-181
In base 3, what is 202 + -1112?
-210
In base 3, what is -10 + 11222110?
11222100
In base 9, what is 8481 - -2?
8483
In base 3, what is 21212 + 0?
21212
In base 3, what is 2 + 2021?
2100
In base 6, what is -1 - -1343?
1342
In base 16, what is -7 - 5d?
-64
In base 11, what is -6 - -7?
1
In base 11, what is 1a - -194?
203
In base 7, what is -46 - -654?
605
In base 2, what is -1111100 + 0?
-1111100
In base 5, what is -23 - -12?
-11
In base 4, what is 10 + 10?
20
In base 5, what is -4 + 212?
203
In base 5, what is 2 + -201?
-144
In base 10, what is 45 - 0?
45
In base 8, what is -47672 + 4?
-47666
In base 10, what is -9 - -900?
891
In base 7, what is 420 + 5?
425
In base 11, what is 1 + 157?
158
In base 15, what is 0 - 12?
-12
In base 9, what is 5 + 30?
35
In base 16, what is 1 + 14?
15
In base 6, what is -4 + -5?
-13
In base 15, what is 45 + 1?
46
In base 12, what is 5 + 13?
18
In base 16, what is -5da - -5?
-5d5
In base 15, what is 26b - -5?
271
In base 16, what is -4 + -2d?
-31
In base 13, what is -8 - -2?
-6
In base 3, what is -12 - -11011?
10222
In base 3, what is -2110220 + 11?
-2110202
In base 8, what is -33 + 304?
251
In base 8, what is 2633 + -5?
2626
In base 14, what is -7 - -14b?
144
In base 6, what is 55 + 5?
104
In base 16, what is 1ea - 5?
1e5
In base 7, what is 31 - 321?
-260
In base 4, what is 110 - 1103?
-333
In base 2, what is -10 - -1011100?
1011010
In base 12, what is -535 - 4?
-539
In base 8, what is -111 - 16?
-127
In base 16, what is 2 - -37?
39
In base 4, what is 1 + 321?
322
In base 4, what is -1030 - -1?
-1023
In base 12, what is -109 + -9?
-116
In base 9, what is 45 - -6?
52
In base 8, what is 2 - 325?
-323
In base 16, what is -d8 + -2?
-da
In base 8, what is 2045 + -2?
2043
In base 8, what is 1 - 232?
-231
In base 13, what is -1 + -73?
-74
In base 14, what is dad - 0?
dad
In base 16, what is -5 + -59?
-5e
In base 16, what is -6 + -1?
-7
In base 3, what is 1 + -1120?
-1112
In base 14, what is -7c + 18?
-64
In base 7, what is 2243 + -5?
2235
In base 8, what is 72 + -41?
31
In base 9, what is -172 + 8?
-163
In base 12, what is -6 + 1302?
12b8
In base 4, what is -222030 + -11?
-222101
In base 8, what is 2 - 1402?
-1400
In base 8, what is -16215 - 4?
-16221
In base 13, what is -5 - -16?
11
In base 7, what is -1 + 545?
544
In base 6, what is -10 + -434?
-444
In base 3, what is -11 + 1010?
222
In base 6, what is 311 - 4?
303
In base 8, what is 476 - 4?
472
In base 11, what is 15 - 5?
10
In base 6, what is -24 + -332?
-400
In base 15, what is -615 + -7?
-61c
In base 11, what is 2 + 47a?
481
In base 4, what is 3001 - -10?
3011
In base 12, what is -179 - 8?
-185
In base 14, what is -5 + a20?
a19
In base 13, what is -723 - 5?
-728
In base 6, what is 1 + 233?
234
In base 2, what is -1001111000010000 + 11?
-1001111000001101
In base 10, what is 0 - -162?
162
In base 14, what is -77c + 4?
-778
In base 11, what is -5 - -65?
60
In base 4, what is 3302 + -212?
3030
In base 6, what is -24 + 102?
34
In base 11, what is 2 + -74?
-72
In base 2, what is 10010 - -10?
10100
In base 5, what is -21 - -2?
-14
In base 4, what is -111101 + 10?
-111031
In base 14, what is -116 + 3?
-113
In base 2, what is 101 + -111001?
-110100
In base 14, what is 1d9 + 4?
1dd
In base 4, what is 2 - -1123?
1131
In base 14, what is -3 + -9?
-c
In base 13, what is -5 - -1a7?
1a2
In base 7, what is -4 - -5?
1
In base 14, what is -17c - -4?
-178
In base 6, what is 141 + 2?
143
In base 3, what is 1 - -2212?
2220
In base 10, what is -1 - -142?
141
In base 14, what is -31 - 2c?
-5d
In base 10, what is -915 - 2?
-917
In base 15, what is cc4 + -5?
cbe
In base 3, what is -101011 - 10?
-101021
In base 4, what is 10 + -30133?
-30123
In base 8, what is 15 + 1767?
2004
In base 7, what is 310 + -5?
302
In base 16, what is -11 + 11?
0
In base 3, what is 21 - -100212?
101010
In base 8, what is -77 - -4?
-73
In base 5, what is 0 + 3012?
3012
In base 2, what is 1000 - 1111100111?
-1111011111
In base 9, what is -8 - -225?
216
In base 2, what is 1 - -10100101?
10100110
In base 2, what is 10100100 - -1011011?
11111111
In base 8, what is -1 - -700?
677
In base 14, what is 20 - 0?
20
In base 14, what is -4 + 4d?
49
In base 11, what is 73 - 4?
6a
In base 3, what is 2 + 2?
11
In base 10, what is 181 - -5?
186
In base 3, what is -12 - -21010?
20221
In base 16, what is 1 + -54?
-53
In base 7, what is -150 + -22?
-202
In base 15, what is d88d - 3?
d88a
In base 11, what is -343 - 9?
-351
In base 14, what is 3cb - 1a?
3b1
In base 10, what is -15 + 7?
-8
In base 2, what is 100 + 10010?
10110
In base 14, what is -9 + -1d1?
-1da
In base 12, what is -8 + 13?
7
In base 8, what is 4 - 121?
-115
In base 10, what is 3118 - 4?
3114
In base 13, what is 16 - -216?
22c
In base 4, what is 12 + 2303?
2321
In base 14, what is 3 - -157?
15a
In base 2, what is 1 - 110111111?
-110111110
In base 10, what is -66 - -25?
-41
In base 9, what is -8 - 375?
-384
In base 16, what is -5f + -f?
-6e
In base 12, what is 475 - 1?
474
In base 9, what is -3 - 1123?
-1126
In base 9, what is -815 - 5?
-821
In base 4, what is 1120 + -1002?
112
In base 10, what is -6 - -52?
46
In base 8, what is 123 - 0?
123
In base 11, what is 481 + -3?
479
In base 7, what is -3 - -466?
463
In base 15, what is 2 - d69?
-d67
In base 15, what is d - -1e6?
204
In base 7, what is -1225 - 4?
-1232
In base 9, what is -358 + 4?
-354
In base 11, what is 1003 - -1?
1004
In base 5, what is 1114 - -131?
1300
In base 2, what is 1001 + 110000?
111001
In base 12, what is -6a5 - -8?
-699
In base 10, what is 3 + 78?
81
In base 15, what is -ce - -1?
-cd
In base 11, what is 1 + -83a?
-839
In base 12, what is -4249 - -5?
-4244
In base 11, what is 12 + -551?
-53a
In base 6, what is -31 - 514?
-545
In base 6, what is -2 - -241?
235
In base 7, what is 0 + -4565?
-4565
In base 6, what is -1435 - -5?
-1430
In base 8, what is -3 + 55?
52
In base 6, what is -1323 - -10?
-1313
In base 2, what is 10001011 + 10000?
10011011
In base 13, what is b4 - -1?
b5
In base 5, what is -12 + -12?
-24
In base 11, what is -1914 + -1?
-1915
In base 14, what is 3 - -b?
10
In base 10, what is -49 - 5?
-54
In base 4, what is -10230 + 11?
-10213
In base 5, what is -3 + 4011?
4003
In base 13, what is -23 - 8c?
-b2
In base 7, what is -13 + -441?
-454
In base 2, what is 1110111 - 101111?
1001000
In base 3, what is 2121022 + 11?
2121110
In base 14, what is -364 - -5?
-35d
In base 11, what is 216 + 2?
218
In base 14, what is 12ac - 0?
12ac
In base 4, what is 3013 + 1?
3020
In base 4, what is 3 + 1231?
1300
In base 14, what is 44 - 146?
-102
In base 5, what is 30 - -442?
1022
In base 6, what is 55 - -244?
343
In base 6, what is -24215 + -3?
-24222
In base 8, what is -4 + 210?
204
In base 3, what is -11101 - -11?
-11020
In base 2, what is 0 + -1001111?
-1001111
In base 8, what is -154 - -10?
-144
In base 3, what is -220121 - 1?
-220122
In base 4, what is -32 - 330?
-1022
In base 7, what is -1 - 265?
-266
In base 9, what is 5 + -66?
-61
In base 10, what is 472 - 4?
468
In base 12, what is 180a6 - 2?
180a4
In base 2, what is 100 - -101111?
110011
In base 11, what is 48 + 3?
50
In base 11, what is 0 + -a4?
-a4
In base 12, what is -4 - -45b1?
45a9
In base 2, what is -10111011 - 11100?
-11010111
In base